 + 511?
-12125
In base 10, what is -67338 - -5?
-67333
In base 2, what is 1011000 - -100110?
1111110
In base 14, what is 6c + -1abc?
-1a50
In base 16, what is -3e7 + -479?
-860
In base 16, what is 5 + 8c0?
8c5
In base 16, what is b2 + a2?
154
In base 11, what is 2 + -6aa539?
-6aa537
In base 16, what is 37658d - -4?
376591
In base 4, what is 33213 + 110?
33323
In base 7, what is 223 + -2430?
-2204
In base 4, what is -21 - -323012?
322331
In base 16, what is 4 - 9d3b?
-9d37
In base 7, what is 15 + -21404?
-21356
In base 11, what is 427 - -1285?
1701
In base 13, what is 1767758 + 1?
1767759
In base 14, what is 296 + -10?
286
In base 12, what is -a71 - -7?
-a66
In base 14, what is a - 1a7d8?
-1a7cc
In base 15, what is -81d2 + 5?
-81cc
In base 9, what is 3631 - 37?
3583
In base 5, what is 11340211 + -41?
11340120
In base 10, what is 4 + 837730?
837734
In base 6, what is 0 - -225301?
225301
In base 13, what is -11 - 71486?
-71497
In base 9, what is 507466 + -1?
507465
In base 13, what is -10 - 2aab?
-2abb
In base 7, what is 113 - -441?
554
In base 15, what is -2a - 52?
-7c
In base 15, what is -84bc01 + 3?
-84bbed
In base 2, what is -1101 - -1000000000111?
111111111010
In base 3, what is -2001002211 - -210?
-2001002001
In base 8, what is -4342 + -16?
-4360
In base 10, what is -30 + 13032?
13002
In base 15, what is -21 - 200?
-221
In base 11, what is a04 - 61?
953
In base 15, what is 4 + 151a8?
151ac
In base 13, what is -21 - -31890?
3186c
In base 5, what is -21442 - 13?
-22010
In base 2, what is 110100001 + -101010?
101110111
In base 13, what is 844 + 1a3?
a17
In base 14, what is -148 - 1?
-149
In base 12, what is 2 + -1a83?
-1a81
In base 12, what is 8220 + 0?
8220
In base 15, what is 22b0 - 8?
22a7
In base 11, what is -1301 - -75?
-1237
In base 13, what is 5 - 952c?
-9527
In base 6, what is -2121225 - 3?
-2121232
In base 6, what is 3540 - -142?
4122
In base 7, what is 52231 + 2?
52233
In base 16, what is -2 + -2555?
-2557
In base 9, what is 10543050 + -2?
10543047
In base 13, what is ab5 + -c5?
9c0
In base 7, what is -214 + 2445?
2231
In base 14, what is -4816 + 34?
-47c2
In base 8, what is 107 - -44742?
45051
In base 15, what is -195d - 5e?
-19bc
In base 7, what is -2004 - -56?
-1615
In base 8, what is 2 + -1517?
-1515
In base 13, what is 11 - -183b6?
183c7
In base 4, what is 110 - -130110?
130220
In base 15, what is -679 + 5ee?
-7a
In base 10, what is 25279 - 8?
25271
In base 6, what is 35104 + -2040?
33024
In base 8, what is -44674 + 17?
-44655
In base 16, what is 80a1 + 4?
80a5
In base 15, what is -3 + 2057b?
20578
In base 7, what is 2152 + -142?
2010
In base 14, what is 26c - 883?
-615
In base 11, what is -4 + -169?
-172
In base 4, what is 20 + 1230121?
1230201
In base 16, what is -25 - 27c?
-2a1
In base 6, what is -15 - 105201?
-105220
In base 13, what is 3c8a9 - -8?
3c8b4
In base 15, what is ca + 938?
a13
In base 6, what is 145 - -2055155?
2055344
In base 2, what is -111111100101 - -111000?
-111110101101
In base 8, what is 664 - -447?
1333
In base 9, what is -2131426 - -1?
-2131425
In base 6, what is 1145 + -355?
350
In base 12, what is -1b2 + -5?
-1b7
In base 14, what is 1 - 30c8?
-30c7
In base 12, what is -2197 + b52?
-1245
In base 9, what is -2517 + -3?
-2521
In base 2, what is 101111100 - 11101110101?
-10111111001
In base 15, what is 19 + 23c88?
23ca2
In base 9, what is 4301 + -141?
4150
In base 14, what is -26 + -1ab05?
-1ab2b
In base 10, what is -20 + -176341?
-176361
In base 15, what is 5d8 + b?
5e4
In base 13, what is -1c83 + 124?
-1b5c
In base 15, what is -5e5 + -364?
-959
In base 5, what is -2130 - -31120?
23440
In base 12, what is 8b + -33a?
-26b
In base 4, what is 3320011 - 1?
3320010
In base 13, what is 19 + -6549?
-6530
In base 10, what is -24 + 441?
417
In base 8, what is -1272 + 2?
-1270
In base 9, what is -7524 + 5?
-7518
In base 2, what is -11000001001110111 - -100?
-11000001001110011
In base 8, what is 35 - 7611?
-7554
In base 4, what is 102303131 + 11?
102303202
In base 12, what is 4 - -178a72?
178a76
In base 14, what is -db8 + 12?
-da6
In base 3, what is 12 - -21111?
21200
In base 13, what is -2178 - -14?
-2164
In base 16, what is 44286 + 0?
44286
In base 14, what is 12 + -84b?
-839
In base 7, what is -6 + -2234?
-2243
In base 15, what is 1 - a8?
-a7
In base 15, what is -24d62 - 2?
-24d64
In base 5, what is -1342311 + 31?
-1342230
In base 12, what is -45 - 612?
-657
In base 14, what is -1811c - 10?
-1812c
In base 11, what is -115647 - 1?
-115648
In base 7, what is 1130130 - -3?
1130133
In base 4, what is 300 - 3022?
-2122
In base 10, what is -1 + -58394?
-58395
In base 10, what is 3 - 90377?
-90374
In base 11, what is -470070 - 3?
-470073
In base 11, what is -1 - -36063?
36062
In base 8, what is -1361663 - 5?
-1361670
In base 11, what is -550 + 1052?
602
In base 15, what is 1 - 32d24?
-32d23
In base 5, what is 11 + 141141411?
141141422
In base 9, what is -3280 - -5?
-3274
In base 10, what is -75727 + 17?
-75710
In base 8, what is 7 - 1701?
-1672
In base 5, what is 2210 + 11224?
13434
In base 14, what is 5 + 293408?
29340d
In base 14, what is -5 + -3175?
-317a
In base 9, what is 2150 + 148?
2308
In base 6, what is 13 + -1102004?
-1101551
In base 9, what is 0 + 217365?
217365
In base 11, what is -209 + -5?
-213
In base 11, what is 10275 - -2a?
102a4
In base 13, what is 1a - 655?
-638
In base 14, what is -388 - -3?
-385
In base 5, what is -111 + -11442?
-12103
In base 15, what is -a7e7 + d?
-a7d9
In base 3, what is -11 - -1002220102?
1002220021
In base 3, what is -112 - 10110020?
-10110202
In base 6, what is 3305551 + -2?
3305545
In base 15, what is 35 - 443?
-40d
In base 8, what is -16 + -4055?
-4073
In base 14, what is -13a + 3a6a?
3930
In base 8, what is 254411 + -15?
254374
In base 7, what is 10 + -101416?
-101406
In base 6, what is 3445221 + -5?
3445212
In base 9, what is 12277 + 131?
12418
In base 13, what is -6 + b4b?
b45
In base 7, what is -340360 + 12?
-340345
In base 16, what is -3b - -32e8?
32ad
In base 14, what is 2c6560 + 2?
2c6562
In base 15, what is 10eca + 9?
10ed4
In base 7, what is -4 + -13022?
-13026
In base 4, what is 23 + 1011121?
1011210
In base 16, what is 8 - 5cdb?
-5cd3
In base 4, what is -10231120 - 23?
-10231203
In base 2, what is 1 - 10111111101011?
-10111111101010
In base 5, what is 1412334 - 4?
1412330
In base 2, what is -10101001011001 + 11?
-10101001010110
In base 11, what is 376 - 25?
351
In base 12, what is 9a2 + -10?
992
In base 15, what is -4d - -1c4?
176
In base 6, what is -2 - 4110?
-4112
In base 15, what is -38 - -1e08?
1dc0
In base 8, what is -466202 - 3?
-466205
In base 13, what is -281 + -405?
-686
In base 4, what is -21331 + 210330?
122333
In base 3, what is 22 - -111202?
112001
In base 10, what is 28 - 265?
-237
In base 2, what is -100 - -111001101110?
111001101010
In base 11, what is 1394 + 30?
1414
In base 8, what is -3 - -25?
22
In base 7, what is 24001343 + -3?
24001340
In base 12, what is 9 - 45b44?
-45b37
In base 7, what is 121 + -20210?
-20056
In base 5, what is -3 - 432002?
-432010
In base 6, what is -5234 - 342?
-10020
In base 11, what is 29 - 11713?
-11695
In base 7, what is 0 - 14625?
-14625
In base 12, what is 0 - 31a693?
-31a693
In base 14, what is -540 - 7a?
-5ba
In base 8, what is 5 - 10764?
-10757
In base 16, what is -1fe6c - -3?
-1fe69
In base 3, what is -12 - 1220112101200?
-1220112101212
In base 11, what is -74 - 2586?
-264a
In base 8, what is 160677 - 0?
160677
In base 13, what is 0 + a858?
a858
In base 15, what is -2c200 - -8?
-2c1e7
In base 4, what is -112111020 + 11?
-112111003
In base 10, what is 25 - 3007?
-2982
In base 5, what is 40 + -1142204?
-1142114
In base 10, what is 14 - 85553?
-85539
In base 9, what is 50 + -303?
-243
In base 7, what is 21 + -11434?
-11413
In base 13, what is 1 - 4095?
-4094
In base 9, what is -4 - 14307?
-14312
In base 15, what is 6 + d4?
da
In base 7, what is -443044 + -5?
-443052
In base 10, what is -427 - 726?
-1153
In base 13, what is 4 + -140c05?
-140c01
In base 2, what is 100001010000110000 - 10?
100001010000101110
In base 15, what is -23 - -70?
4c
In base 12, what is 1 + 3197b?
31980
In base 15, what is -224c - 6?
-2253
In base 4, what is 1 - -21200303?
21200310
In base 8, what is 16 + -41121?
-41103
In base 16, what i